mainder when 22 is divided by f.
10
Suppose 32 = -4*k - 24. What is the remainder when (8/6)/(k/(-609)) is divided by 20?
18
Suppose -3*t + 180 = 6*t. What is the remainder when t is divided by 8?
4
Let q = -198 - -140. Suppose 0 = 5*t - 2*t - 252. Let o = q + t. What is the remainder when o is divided by 9?
8
Calculate the remainder when 54 is divided by 9 - (0 + 3 + -2).
6
What is the remainder when 11 is divided by 4 + -6 + 4 - 5/(-1)?
4
Suppose -11 = -4*f + 4*v + 21, 3*f - 4*v = 20. Let u = -8 - -15. Calculate the remainder when f is divided by u.
5
Suppose -1 = 2*c - 7. Suppose a - 43 = -5*r, -c*a + 3*r - 5*r = -103. What is the remainder when a is divided by 9?
6
Let y be (-1)/((-1)/3 + 0). Suppose y*a - 28 = 8. Suppose b = -5*h + 114, -4*h + 5*b = 50 - 147. What is the remainder when h is divided by a?
11
Let l(t) = t**2 + 5*t + 6. Let u be l(-4). Let a = 1 + u. Calculate the remainder when 4 is divided by a.
1
Suppose 4*n + g - 24 = 0, 5*n - 2*g = -g + 30. What is the remainder when -15 + 1 + 8 + 27 is divided by n?
3
Suppose k + 5*q - 35 = 0, k - 2*q = -k + 10. Calculate the remainder when 36 is divided by k.
6
Let d = 18 + -8. Suppose 0 = -5*l + 47 + 93. What is the remainder when l is divided by d?
8
Let f = -16 - -31. What is the remainder when 22 is divided by f?
7
Let h be -2*1/(-2)*-6. What is the remainder when ((-184)/(-12))/((-2)/h) is divided by 12?
10
Suppose -6 = 3*l - 156. Calculate the remainder when (-120)/l*(-5)/2 is divided by 2.
0
Let r = -50 + 52. Suppose 4*j + 16 = 0, 4*c + 2*j - 1 + 5 = 0. What is the remainder when r is divided by c?
0
Let l be 3/(-6) - 39/(-2). Let u = 31 - l. Suppose 5*y + 4*b - 51 = 0, 2*y + 0*b - 5*b + 6 = 0. What is the remainder when u is divided by y?
5
Let f(m) = 7*m - 1. Let d be f(1). Let x = 8 - d. Suppose -r = -2*r - x*q + 22, 14 = 2*r - 2*q. What is the remainder when 35 is divided by r?
11
Let b(d) = d**2 - d. Let h(u) = -u**3 + 9*u**2 - 6*u - 1. Let l(p) = -2*b(p) + h(p). Calculate the remainder when 31 is divided by l(6).
9
Suppose -w + 158 = -0*w. Calculate the remainder when w is divided by 20.
18
Let f = 0 - -3. Let p(k) = k**3 - 6*k**2 + 3. Calculate the remainder when p(6) is divided by 1/((f/(-2))/(-3)).
1
Let m(g) = g**2 + 2*g - 23. Calculate the remainder when m(-7) is divided by 7.
5
Suppose j + 35 = 8*j. Suppose -j*p = -b + 119, -13 = 4*p + 7. Calculate the remainder when b is divided by 24.
22
Let o(w) = 2*w - 6. Let z(h) = 2*h**2 + 4*h. Let t be z(-3). Let r be o(t). Let s = -3 + r. Calculate the remainder when 5 is divided by s.
2
Let t = 4 - 2. Let q be 33/3 - t - -2. Let u = q - 1. Calculate the remainder when u is divided by 6.
4
Let p(w) = -w**2 + 7*w + 4. Suppose 0*a = 4*a - 20. Suppose -3*s + 4 = a*k - 3, 0 = s + 5*k + 1. What is the remainder when p(6) is divided by s?
2
Let d(l) = 10*l - 1. Let c(a) = a**3 + 8*a**2 - 10*a - 9. Let w be c(-9). Suppose w*j + 4*j - 104 = 0. What is the remainder when j is divided by d(1)?
8
Calculate the remainder when 19 is divided by 4 - (3 - 4)*6.
9
What is the remainder when 28 is divided by (-1040)/(-140) - ((-4)/7)/1?
4
Let z(m) be the first derivative of m**3/3 - 5*m**2/2 + 3*m + 3. Calculate the remainder when z(-4) is divided by 14.
11
Let v = -2 - -5. What is the remainder when v/(-12) + (-87)/(-12) is divided by 2?
1
Let z(u) = -u**3 - 6*u**2 - 5*u + 6. Let b be z(-6). Suppose 2*p - 15 = c, 0 = -5*p - 0*p + 2*c + b. What is the remainder when 16 is divided by p?
4
Let x be 2/(-6)*6*-7. Suppose x + 4 = 3*u. What is the remainder when u is divided by 2?
0
Let c(h) = 15*h**3 - 16*h**2 + 15*h - 18. Let m(o) = -7*o**3 + 8*o**2 - 7*o + 9. Let x(p) = 6*c(p) + 13*m(p). Calculate the remainder when 1 is divided by x(8).
0
Let h(o) = -10*o - 1. Calculate the remainder when h(-3) is divided by 16.
13
Let f(x) = 2*x - 6. Suppose 5*a - g - 22 = 0, 3*a - 5*a - 4*g + 22 = 0. Calculate the remainder when 5 is divided by f(a).
1
Suppose 0*y - 88 = -4*y. Suppose -2*d - y = -3*d. What is the remainder when d is divided by 12?
10
Suppose 0 = 2*d + 5*p - 17, -3*d + 5*p - 50 = -8*d. What is the remainder when d is divided by 8?
3
Suppose -3 = -y + 14. Suppose -y - 3 = -2*i. What is the remainder when 18 is divided by i?
8
Suppose 2*p - 23 = 19. Suppose -63 = 3*w + p. Let f = w + 39. Calculate the remainder when f is divided by 4.
3
Suppose -5*b = -3*u + 57, -b - 3*u + 11 = 2*u. Let p(w) = -w**2 - 9*w + 9. What is the remainder when (-26 - 0/(-1))/(-1) is divided by p(b)?
8
Let p(j) = j**2 - 9*j + 28. Calculate the remainder when p(13) is divided by 17.
12
Suppose -6*k = -3*k + 5*f - 25, 5*f = -4*k + 35. Calculate the remainder when 39 is divided by k.
9
Suppose -p - h = 3, 0*p - 14 = -2*p + 2*h. Calculate the remainder when (-12)/(-5) - (-3)/5 is divided by p.
1
Suppose -2*b + 3 - 7 = 0. Let y be 0/1 - (11 + b). Let i = 16 + y. Calculate the remainder when 12 is divided by i.
5
Suppose -9*b + 25 = -4*b. Suppose -b*s + 39 = u, s - 2*s - 5*u = -3. What is the remainder when 14 is divided by s?
6
Let x(j) = -j**3 - 9*j**2 - 6*j - 3. Calculate the remainder when x(-9) is divided by 26.
25
Let k be ((-3)/4)/((-3)/12). Let n(i) = -4 + k + 0 + 27*i. What is the remainder when n(1) is divided by 9?
8
Let f(c) = c**2 + 16. Let r be f(0). Suppose -7*d + 15 = -2*d. Suppose 0 = -h - d*h + r. Calculate the remainder when h is divided by 2.
0
Suppose c = -3*c + 56. What is the remainder when 55 is divided by c?
13
Let w(j) be the third derivative of j**5/60 - j**4/4 - 11*j**3/6 + j**2. Calculate the remainder when 13 is divided by w(8).
3
Let x = -48 + 84. Calculate the remainder when x is divided by 19.
17
Let j(q) = -q + 10. Let h be j(7). Suppose o = f + f + 16, -23 = h*f - o. Let b(x) = -3*x - 7. Calculate the remainder when b(f) is divided by 8.
6
Let i = -6 + 3. Let b = i + 49. What is the remainder when b is divided by 93/6 - (-2)/4?
14
Suppose 7*p - 60 = p. Calculate the remainder when 17 is divided by p.
7
What is the remainder when 37 is divided by 11 + ((-6)/3 - -4)?
11
Let f be 69 - -1 - (-6)/(-3). Let i = -33 + f. Let d(n) = n**3 + 3*n**2 - 3*n + 3. What is the remainder when i is divided by d(-3)?
11
Suppose 2*u + 3*u - 15 = 5*t, -5*u + 15 = 4*t. Let d = t + 2. Suppose -2*a = -4*a + 10. What is the remainder when a is divided by d?
1
What is the remainder when 56 is divided by 3/(81/318) - 2/(-9)?
8
Suppose -4*b = -43 - 5. Suppose 0 = -3*j + 1 - 4. Let g(v) = 34*v**2 + v + 2. Calculate the remainder when g(j) is divided by b.
11
Let j(h) be the first derivative of -h**3/3 - h**2 + 4*h - 1. What is the remainder when j(-3) is divided by (2/(-4))/((-2)/4)?
0
Suppose k = 21 - 19. Calculate the remainder when (-23)/(-7) + 4/(-14) is divided by k.
1
Let q(c) = 22*c - 17. Calculate the remainder when q(6) is divided by 10.
5
Let b(i) = 4*i - 9 + 0*i**2 + 3 + 8*i + i**2. Calculate the remainder when 26 is divided by b(-13).
5
Let d be 2/4 - (-6)/(-4). Let o = 1 - d. Calculate the remainder when o is divided by 12/(-9)*6/(-4).
0
Let z = -73 + 127. Calculate the remainder when z is divided by 14.
12
Let t = -56 + 40. Calculate the remainder when 3/(-4) - 556/t is divided by 18.
16
Let j(k) = -23*k**3 - k**2. Calculate the remainder when j(-1) is divided by (-3)/18*4*-9.
4
Suppose -15 = 12*h - 87. What is the remainder when 21 is divided by h?
3
Let t = 39 - -3. Calculate the remainder when t is divided by 11.
9
Calculate the remainder when 14 is divided by -2 + 2 + 0 + 6.
2
Calculate the remainder when (105/(-10))/((-2)/4) is divided by 6.
3
Let f be (0 - 0)*(-3)/(-6). Suppose f = -3*t + 2*s + 45, -3*s = 2*s. Suppose -k = 4*r + k - 26, -t = -5*k. Calculate the remainder when 8 is divided by r.
3
Suppose 0 = 4*m - 74 - 38. Calculate the remainder when 54 is divided by m.
26
Suppose 0 = 5*d, 5*d = -2*v + 12 + 20. What is the remainder when v is divided by 9?
7
Let c(b) = b**2 - 2*b + 8. Calculate the remainder when c(7) is divided by 16.
11
Let v = 58 - 27. Calculate the remainder when 153 is divided by v.
29
Let z(s) = -s - 22. Let k be z(0). Let n = k + 36. Calculate the remainder when n is divided by 8.
6
Suppose 0 = 2*n - 1 - 69. Suppose -5*r + n = -25. Suppose 72 = 4*s - 2*t, -t = -s - 2*t + r. What is the remainder when s is divided by 9?
7